0397870?
True
Is 62 a factor of 136886358?
False
Is 39022368 a multiple of 224?
True
Is 163 a factor of 2409504?
False
Is 875305368 a multiple of 3852?
True
Is 339362219 a multiple of 384?
False
Is 947265 a multiple of 4?
False
Is 272232828 a multiple of 84?
True
Does 9 divide 620104059?
True
Is 3535 a factor of 65917145?
True
Is 35 a factor of 454392540?
True
Is 950 a factor of 72793880?
False
Is 21635369 a multiple of 32?
False
Is 26 a factor of 5367503?
False
Does 44 divide 161705623?
False
Does 322 divide 640780?
True
Is 80694396 a multiple of 2829?
True
Is 97 a factor of 947471265?
True
Is 73475103 a multiple of 11?
False
Is 2165117317 a multiple of 4427?
True
Does 47 divide 317018412?
False
Is 5183453 a multiple of 11?
True
Is 1251 a factor of 1436450354?
False
Is 17348960 a multiple of 68?
False
Is 2517086 even?
True
Is 21 a factor of 656145525?
True
Is 19 a factor of 201868521?
True
Is 14 a factor of 2026402930?
False
Is 68 a factor of 3071991?
False
Is 580783204 a multiple of 58?
False
Is 743 a factor of 89429303?
False
Does 65 divide 18301079?
False
Is 46 a factor of 1007515637?
False
Does 54 divide 72466164?
True
Does 133 divide 183458?
False
Is 14 a factor of 112650919?
False
Is 689 a factor of 75524735?
True
Is 5780469 a multiple of 9?
False
Is 64 a factor of 406576141?
False
Does 20 divide 78849260?
True
Is 29521118 a multiple of 35?
False
Is 3865380 a multiple of 13?
False
Is 126 a factor of 986304891?
False
Is 9 a factor of 6351858?
True
Is 339177540 a multiple of 1326?
True
Is 23 a factor of 151403464?
False
Is 170 a factor of 6571350?
True
Does 26 divide 37757122?
True
Is 2032 a factor of 1026905938?
False
Is 1202987880 a multiple of 5286?
True
Is 2242 a factor of 9220390?
False
Is 3003 a factor of 180579399?
True
Is 153 a factor of 112200561?
True
Is 31790323 a multiple of 1221?
False
Does 118 divide 671571394?
True
Is 60788153 a multiple of 6?
False
Is 727833440 a multiple of 236?
True
Does 701 divide 18940118?
False
Is 1438 a factor of 48568819?
False
Is 220868750 a multiple of 50?
True
Does 107 divide 178634146?
True
Does 175 divide 62497888?
False
Does 13 divide 5988813?
False
Does 14 divide 307476503?
False
Does 2375 divide 550072600?
False
Does 167 divide 721386250?
False
Does 256 divide 194315283?
False
Is 380 a factor of 5405381?
False
Is 89 a factor of 429784492?
False
Does 665 divide 99553289?
False
Is 307 a factor of 3099117684?
False
Is 1473 a factor of 256306419?
True
Is 71421548 a multiple of 57?
False
Is 2773 a factor of 25481598?
False
Is 3183236 a multiple of 183?
False
Is 895740355 a multiple of 179?
False
Does 4 divide 177490272?
True
Is 2 a factor of 2797035?
False
Does 1193 divide 3143978?
False
Does 1331 divide 17107343?
True
Is 136 a factor of 3439163800?
False
Is 5 a factor of 1704600?
True
Does 72 divide 12580896?
False
Is 20 a factor of 1175282440?
True
Does 6 divide 78423301?
False
Is 20 a factor of 1529027640?
True
Does 9 divide 190896525?
True
Does 21 divide 102184635?
True
Does 161 divide 467550601?
True
Does 61 divide 56047776?
True
Does 9 divide 1994877?
True
Is 207 a factor of 770973003?
False
Is 1666 a factor of 285559354?
False
Is 8088 a factor of 311605967?
False
Is 1015715880 a multiple of 7320?
True
Is 3823177659 a multiple of 141?
False
Is 112 a factor of 77410928?
True
Does 2026 divide 26901738?
False
Is 238969111 a multiple of 22?
False
Is 38 a factor of 518572472?
True
Is 663953880 a multiple of 3270?
True
Is 112 a factor of 46777136?
True
Is 103 a factor of 397945878?
False
Does 6 divide 10828620?
True
Does 78 divide 1922415871?
False
Is 1242 a factor of 873515988?
True
Is 3326721908 a multiple of 4968?
False
Is 8 a factor of 930689192?
True
Is 4422 a factor of 871509870?
True
Does 158 divide 29470568?
False
Does 8194 divide 17633488?
True
Is 3027 a factor of 109768115?
False
Does 17 divide 4495673375?
True
Is 39407821 a multiple of 11?
False
Is 3 a factor of 4878665?
False
Is 1259 a factor of 277603205?
True
Does 2 divide 8040410?
True
Does 3 divide 4046116?
False
Is 77 a factor of 8025588?
False
Is 581 a factor of 60837672?
True
Is 86978665 a multiple of 12?
False
Is 1513670 even?
True
Does 9 divide 286448913?
True
Is 118719549 a multiple of 39?
True
Is 769736312 a multiple of 138?
False
Is 114449048 a multiple of 3250?
False
Does 12 divide 18803640?
True
Does 1453 divide 20845907?
False
Is 233 a factor of 668352736?
False
Is 4 a factor of 668114625?
False
Is 4611973 a multiple of 2?
False
Does 1654 divide 867805834?
True
Does 4 divide 446470396?
True
Is 313371540 a multiple of 18?
True
Is 61 a factor of 6923073?
True
Does 1001 divide 247045505?
False
Does 55 divide 145137300?
True
Does 181 divide 2013393572?
False
Is 1093662 a multiple of 54?
True
Is 25 a factor of 5748800?
True
Is 208 a factor of 378556672?
True
Is 143 a factor of 9893312?
True
Is 246 a factor of 6246564?
False
Does 228 divide 1328567856?
True
Is 536850389 a multiple of 353?
False
Is 142933467 a multiple of 17?
True
Is 1198 a factor of 162793824?
True
Is 63 a factor of 537581367?
False
Is 234321465 a multiple of 105?
True
Is 3444 a factor of 618946261?
False
Is 928 a factor of 358831522?
False
Is 6009 a factor of 76530624?
True
Does 218 divide 15435545?
False
Does 25 divide 8090559?
False
Is 4 a factor of 173750682?
False
Does 40 divide 5732433?
False
Is 993 a factor of 75842022?
False
Is 2195933946 a multiple of 323?
False
Is 224 a factor of 179538019?
False
Is 904 a factor of 395445760?
True
Is 2841 a factor of 412791618?
True
Is 12496892 a multiple of 197?
True
Is 6 a factor of 309529040?
False
Is 378885155 a multiple of 269?
True
Is 1100 a factor of 551116500?
True
Is 7840 a factor of 4387107200?
True
Does 771 divide 380469225?
True
Is 304526384 a multiple of 4?
True
Is 606 a factor of 87986266?
False
Is 171567375 a multiple of 525?
True
Does 231 divide 23233056?
True
Does 173 divide 4655603?
True
Is 3396 a factor of 270817416?
True
Is 520 a factor of 2236323440?
True
Is 570 a factor of 255642150?
True
Is 685 a factor of 65111778?
False
Does 5 divide 59311422?
False
Is 6940831 a multiple of 38?
False
Is 75931970 a multiple of 2493?
False
Does 221 divide 77194416?
True
Is 4065 a factor of 61174185?
True
Does 189 divide 3321377466?
False
Is 41 a factor of 936033567?
True
Is 104 a factor of 185645304?
True
Is 407 a factor of 25187602?
True
Is 813678 a multiple of 36?
False
Does 120 divide 5523753?
False
Is 10 a factor of 56299080?
True
Is 19786192 a multiple of 349?
False
Does 17 divide 754235617?
True
Does 49 divide 88765413?
False
Does 50 divide 54364750?
True
Is 175484684 a multiple of 2204?
True
Does 8 divide 1188366145?
False
Is 2453 a factor of 64630914?
False
Is 3403 a factor of 37534426?
False
Is 6469554 a multiple of 20?
False
Is 193 a factor of 6672396?
True
Is 342 a factor of 11630033?
False
Is 38725990 a multiple of 10?
True
Is 34448223 a multiple of 31?
True
Is 439 a factor of 32606725?
True
Does 586 divide 2520788626?
False
Does 9 divide 52922268?
True
Is 1049128765 a multiple of 25?
False
Is 6 a factor of 90406773?
False
Does 105 divide 1776517431?
False
Is 1999325860 a multiple of 5677?
True
Does 249 divide 2386053456?
True
Does 91 divide 1791300875?
True
Does 3590 divide 591578150?
True
Does 6 divide 399307068?
True
Does 83 divide 41118283?
True
Does 13 divide 292412861?
True
Is 179 a factor of 29551329?
False
Is 749866260 a multiple of 660?
True
Does 1140 divide 216421444?
False
Does 20 divide 2581470940?
True
Does 824 divide 284203368?
True
Does 65 divide 312287950?
True
Is 193303569 a multiple of 14?
False
Does 5247 divide 213547653?
True
Does 54 divide 60294618?
True
Is 26997413 a multiple of 1427?
True
Is 5 a factor of 32708146?
False
Does 4152 divide 319532107?
False
Is 1510 a factor of 356719094?
False
Does 4507 divide 174502026?
True
Is 310017340 a multiple of 10?
True
Does 123 divide 59318924?
False
Is 287 a factor of 719167821?
False
Does 157 divide 105783146?
True
Is 5226176996 a multiple of 15058?
False
Is 45648064 a multiple of 472?
True
Does 125 divide 1446615875?
True
Is 1961 a factor of 174211765?
False
Is 116322554 a multiple of 988?
False
Does 1519 divide 992396118?
True
Does 1564 divide 12728494?
False
Is 109693595 a multiple of 43?
False
Is 243777114 a multiple of 9?
Tr